9 = -b. What are the prime factors of l?
11
Let t = 8 + -8. Suppose t = -3*y - 5 + 86. List the prime factors of y.
3
Let n(p) = 2*p + 7. Let z be n(-5). Let b be 3/(-2)*4/z. Suppose -3*t + 10 = 5*f, 3*f - 7*t = -b*t + 40. What are the prime factors of f?
5
Suppose 2 = 5*g - 3. Let q = 0 + g. Let w = q - -3. What are the prime factors of w?
2
Let c(g) = -3*g - 6. Let u = -2 - -6. Suppose -6 = -3*v + u*v. What are the prime factors of c(v)?
2, 3
Suppose -2*c = -3*q + 11, 0 = -5*q - c + 13 + 1. Suppose 0 = q*l + l - 12. What are the prime factors of l?
3
Suppose 0 = -2*y - y. What are the prime factors of (-2 - y) + (0 - -19)?
17
Let c be (-329)/(-35) - (-2)/(-5). List the prime factors of ((-20)/6)/((-3)/c).
2, 5
Let r = 27 + 21. Suppose k = r - 11. What are the prime factors of k?
37
Suppose 118 + 11 = 3*p. Let m = p - 26. What are the prime factors of m?
17
Suppose -105 - 20 = 5*q. Let m be 192/10 + 5/q. Let b = m + -11. What are the prime factors of b?
2
Suppose 7 = 5*s - 3. Let y be 56 - (s + 1)/3. Suppose x - 6*x + y = 0. List the prime factors of x.
11
Suppose -6*f = -2*f. Suppose y + f*y = 8. What are the prime factors of y?
2
Suppose -4*a + 395 = -w, -5*a + 381 + 112 = -2*w. List the prime factors of a.
3, 11
Let p = 13 - -29. Suppose -o + 3*o - 6 = 0. Suppose -p = -o*v + v. What are the prime factors of v?
3, 7
Let o(v) = -v**2 + 36*v. List the prime factors of o(13).
13, 23
Let w = -302 + 176. Let l be w/(-24) + (-6)/(-8). Suppose i - l = -1. List the prime factors of i.
5
Suppose -3*t + 2*d = -10, 3*t + 5*d - 16 = d. Suppose -4*k = t*z, 0*k - 3*z - 20 = -k. Suppose k*u + s - 52 = 3*s, 2*u - 16 = -4*s. List the prime factors of u.
2, 5
Let n be ((-7)/3)/((-2)/(-6)). Let x = 11 + n. What are the prime factors of x?
2
Let u(f) be the third derivative of f**4/24 + 5*f**3/3 - 4*f**2. Let y be u(-10). Suppose m + x - 11 = -y*m, -x = 5*m - 67. What are the prime factors of m?
2, 7
Suppose 0 = 3*l + 4*w + 24 - 7, 0 = -l - 3*w - 14. What are the prime factors of l/4 + 11/4?
3
Suppose 0*a = a - 5. Suppose -a*c = 2*s - 121, 2*c - 5*c + 73 = s. List the prime factors of c.
5
Let c = 9 - 12. What are the prime factors of 21 - -1 - c - -1?
2, 13
Let j = -13 + 21. Suppose -4*t + j = -0*t. List the prime factors of t.
2
Let q(g) = -g**3 - 7*g**2 + 5*g + 2. Let t be q(-8). List the prime factors of (195/t)/(6/40).
2, 5
Let b be 1/2*2*5. Suppose 2*z - b*q - 7 = 0, -3*z - q = q - 39. List the prime factors of z.
11
Suppose -4*l - 33 = -3*u, 0 = 3*l + 2 - 11. What are the prime factors of u?
3, 5
Let f(t) = t + 2. Let n be f(-5). Let i(w) = -4*w - 5. Let a(u) = -7*u - 9. Let v(k) = n*a(k) + 5*i(k). List the prime factors of v(8).
2, 5
Let n be (-60)/(-8)*20/6. Let o = -12 + n. List the prime factors of o.
13
Suppose 4*h - 91 = 3*a, -2*h + 0*a - 3*a = -41. List the prime factors of h.
2, 11
Suppose 4*l = 2*l + 2. Let y(m) = m**2 + 1. Let f(w) = 6*w**2 + 4*w + 2. Let q(r) = l*f(r) - 3*y(r). What are the prime factors of q(-3)?
2, 7
Suppose 5*f = -1 + 26. Suppose -f*w + 10 + 26 = -2*j, 0 = 3*w - 5*j - 14. What are the prime factors of w?
2
Let t(c) = -c**3 - 9*c**2 + 10*c - 2. Let w be t(-10). What are the prime factors of w/(((-10)/(-4))/(-5))?
2
Suppose -2*v - 4*s + 4 = -0*s, 3*v + 2*s - 6 = 0. Let r(z) = 11*z. List the prime factors of r(v).
2, 11
Let g(r) = r**2 + 9*r + 16. Let c be g(-7). What are the prime factors of (-6)/(-9)*(c - -55)?
2, 19
Suppose -301 = -5*g + 49. List the prime factors of g.
2, 5, 7
Let u(c) = c + 1. Let x(z) = -2*z - 2. Let d(s) = -u(s) - x(s). Let r be d(1). Suppose 4 = r*h - 10. List the prime factors of h.
7
Let s be (6/10)/(2/10). Suppose s*l - l = 0. Suppose -4*d = -2*w, l*w = -5*w - 3*d + 26. What are the prime factors of w?
2
Let j be 12/(-16)*5*-4. List the prime factors of -2 + 0 + j/3.
3
Let h = 1 + 3. Let v = 6 + h. Suppose -v = -4*p - 0*l + 3*l, -l = -2*p + 6. List the prime factors of p.
2
What are the prime factors of (3 - 0)/(-6) + (-2475)/(-18)?
137
Let f(w) = -9*w**3 + w**2 + 2*w - 2. Let p be f(2). Let n be (3 + -4)/(2/p). Suppose -2*s = s - n. List the prime factors of s.
11
Suppose -2*k + k - 2 = 0. What are the prime factors of 8*k/5*-5?
2
Suppose -41 = -c + 2*p + 42, -2*c + p = -154. List the prime factors of c.
3, 5
What are the prime factors of 3*(-4)/36*-153?
3, 17
Suppose -2*q - 60 = 2*s - 3*s, -5*s = 5*q - 285. List the prime factors of s.
2, 29
Let q = 96 + -93. List the prime factors of q.
3
Suppose -3*s + 44 = 5. Suppose -u = 3*v + s, -3*u = 3*v - 4*v - 1. Let x = 8 - v. List the prime factors of x.
2, 3
Let l(n) = 2*n**2 - 14*n - 13. List the prime factors of l(8).
3
Let w = -14 - -16. Suppose w*z - 2 = 2*y, 3*y + z + 8 = 5*z. List the prime factors of y.
2
Let a(n) = -19*n**2 - n + 2. Let p be a(-2). What are the prime factors of (p/(-40))/((-6)/(-40))?
2, 3
Suppose -142 = -2*j - 2*q, -3*j + 5*q + 208 = 3*q. List the prime factors of j.
2, 5, 7
Let w = -74 - -248. What are the prime factors of w?
2, 3, 29
Let l be (-45)/(-12) + 6/(-8). Suppose x = -3*c + 31, -x + c + l*c = -10. Let d = x + -10. What are the prime factors of d?
2, 3
Let y(n) = -n**2 - 4*n - 3. Let m be y(-5). Let f = 4 - m. What are the prime factors of f?
2, 3
Let h = 16 - -11. Let r = -15 + h. List the prime factors of r.
2, 3
Let o(z) = -z**2 - 3*z - 1. Let w be o(3). Let x = 2 - w. What are the prime factors of x?
3, 7
Suppose -3*u + 2*u = -72. What are the prime factors of u?
2, 3
Suppose -4*v = -7*v. Suppose 16 = 4*c - v. Suppose -x + c*x - 18 = 0. List the prime factors of x.
2, 3
Suppose 0 = -3*o - o - 8. Let p = 4 - o. What are the prime factors of p?
2, 3
Let n = 40 - -294. What are the prime factors of n?
2, 167
Suppose 0 = 2*b + 8, -41 = 2*l - b - 11. Let m = -10 - l. List the prime factors of m.
7
Suppose -6*v = -5*b - 2*v + 258, -4*b = 2*v - 196. List the prime factors of b.
2, 5
Let h = -58 - -120. What are the prime factors of h?
2, 31
Let z(u) = u - 4. Let h be (-4)/(1*2/(-3)). Let j be z(h). Suppose 0 = j*c - 0*c + 4*l - 2, -5*c + l = -49. List the prime factors of c.
3
Let m = -40 + 96. What are the prime factors of m?
2, 7
Let a(z) = z**3 + 19*z**2 + 15*z - 18. List the prime factors of a(-18).
2, 3
Suppose y = 4, -3*v - 3*y + 4 = -11. Suppose -v = -3*t + g - 2, 4*t - 17 = 5*g. What are the prime factors of (-1 - 3)/(t/4)?
2
Let v(q) = -q**3 - q + 5. Let l be v(0). Suppose -2*d + 19 = l*f, f - 48 = -2*d - 9. List the prime factors of d.
2, 11
Let u(r) = -r**2 - 8*r - 2. Let x be u(-9). Let q = 19 + x. What are the prime factors of q?
2
Suppose -5*v = 2*x + 5, 0 = 3*x - x + 2*v - 10. Suppose -30 = -2*o + x. What are the prime factors of o?
2, 5
Let o(b) = -b - 2. Let w be o(6). List the prime factors of -12*(54/w - -4).
3, 11
Suppose 85 = 3*f + 5*i, -4*f + 5*i = -f - 65. What are the prime factors of f?
5
Let c = 2 + 4. List the prime factors of c.
2, 3
Suppose -572 = -5*s + 333. List the prime factors of s.
181
Suppose 3*z = 5*z - 4*b - 348, -b = -2*z + 339. List the prime factors of z.
2, 3, 7
Let f = 5 - -8. Let t = f - 0. What are the prime factors of (3 + -2 + t)/2?
7
Suppose 4*h = -n + 13, -3*n - 2*n = 5*h - 35. Suppose -12 - 3 = -n*r. List the prime factors of 28/r + 2/(-6).
3
Suppose -3 = 2*r - 9. List the prime factors of r.
3
Suppose 5*k = -2*p + 22, -4*p - 5*k + 25 + 39 = 0. Suppose p = 3*n - 0. List the prime factors of n.
7
Suppose 5*w + 2*q + 3*q + 190 = 0, w - 2*q + 38 = 0. Let a = 6 - w. What are the prime factors of a?
2, 11
Let z(w) = -2*w**2 + 4*w - 6. Let o be z(4). Let x be 1 + -3 - (o - 1). Suppose 2*h + x = 5*i + 1, 3*h = 15. List the prime factors of i.
2, 3
Suppose 6 = 2*p + 2. Suppose -5*c + 100 = 5*c. Suppose p*z + 3*z = c. What are the prime factors of z?
2
Let s(d) = d**2 + d - 1. Let y be s(2). Suppose 145 = y*i + 25. Suppose 4*q - q - i = 0. List the prime factors of q.
2
Let z(i) = i**2 - 3*i + 7. Let a be z(7). Suppose 7*x = 2*x - a. Let v = x + 11. List the prime factors of v.
2
Suppose 0 = -4*n + 75 + 37. List the prime factors of n.
2, 7
Let y be 2 + (-1)/((-3)/(-6)). Let w(o) = o**3 + o**2 + o + 12. List the prime factors of w(y).
2, 3
Let d(m) be the first derivative of -m**4/4 - 2*m**3 - 5*m**2/2 + 7*m - 3. List the prime factors of d(-5).
7
Let x(i) = -i**3 + i**2 - 